rs of 1920.
2, 3, 5
What are the prime factors of 109504?
2, 29, 59
List the prime factors of 3629.
19, 191
List the prime factors of 106539.
3, 17, 2089
What are the prime factors of 50266?
2, 41, 613
List the prime factors of 3019.
3019
List the prime factors of 1361.
1361
List the prime factors of 8055.
3, 5, 179
List the prime factors of 3508.
2, 877
What are the prime factors of 2249?
13, 173
What are the prime factors of 797?
797
What are the prime factors of 1613?
1613
What are the prime factors of 3002?
2, 19, 79
What are the prime factors of 13439?
89, 151
List the prime factors of 1787.
1787
List the prime factors of 2740.
2, 5, 137
List the prime factors of 27954.
2, 3, 1553
List the prime factors of 617.
617
What are the prime factors of 431?
431
List the prime factors of 1515.
3, 5, 101
List the prime factors of 2393.
2393
What are the prime factors of 2933?
7, 419
What are the prime factors of 6829?
6829
List the prime factors of 20013.
3, 7, 953
List the prime factors of 2711.
2711
What are the prime factors of 1355?
5, 271
List the prime factors of 993.
3, 331
What are the prime factors of 71608?
2, 8951
What are the prime factors of 2487?
3, 829
What are the prime factors of 3025?
5, 11
List the prime factors of 61241.
47, 1303
What are the prime factors of 4130?
2, 5, 7, 59
What are the prime factors of 19585?
5, 3917
List the prime factors of 8892.
2, 3, 13, 19
List the prime factors of 1706.
2, 853
List the prime factors of 406.
2, 7, 29
What are the prime factors of 863?
863
What are the prime factors of 44?
2, 11
List the prime factors of 3434.
2, 17, 101
What are the prime factors of 3943?
3943
What are the prime factors of 1707?
3, 569
List the prime factors of 30793.
7, 53, 83
List the prime factors of 2234.
2, 1117
List the prime factors of 90228.
2, 3, 73, 103
List the prime factors of 436.
2, 109
List the prime factors of 29703.
3, 9901
List the prime factors of 13426.
2, 7, 137
List the prime factors of 308.
2, 7, 11
List the prime factors of 14349.
3, 4783
What are the prime factors of 2486?
2, 11, 113
What are the prime factors of 904?
2, 113
What are the prime factors of 4761?
3, 23
List the prime factors of 249.
3, 83
List the prime factors of 53119.
11, 439
What are the prime factors of 392?
2, 7
List the prime factors of 3906.
2, 3, 7, 31
List the prime factors of 139280.
2, 5, 1741
List the prime factors of 1179.
3, 131
What are the prime factors of 31740?
2, 3, 5, 23
List the prime factors of 126312.
2, 3, 19, 277
List the prime factors of 7535.
5, 11, 137
List the prime factors of 650.
2, 5, 13
List the prime factors of 44005.
5, 13, 677
List the prime factors of 11408.
2, 23, 31
List the prime factors of 79693.
79693
List the prime factors of 103360.
2, 5, 17, 19
What are the prime factors of 61?
61
List the prime factors of 8560.
2, 5, 107
What are the prime factors of 21408?
2, 3, 223
List the prime factors of 105628.
2, 26407
What are the prime factors of 2317?
7, 331
What are the prime factors of 12933?
3, 479
List the prime factors of 36598.
2, 29, 631
List the prime factors of 665.
5, 7, 19
List the prime factors of 118351.
19, 6229
List the prime factors of 558.
2, 3, 31
List the prime factors of 12390.
2, 3, 5, 7, 59
List the prime factors of 775.
5, 31
List the prime factors of 2136.
2, 3, 89
List the prime factors of 2604.
2, 3, 7, 31
List the prime factors of 28949.
28949
What are the prime factors of 191409?
3, 63803
List the prime factors of 28553.
7, 4079
What are the prime factors of 2058?
2, 3, 7
What are the prime factors of 19593?
3, 7, 311
List the prime factors of 338.
2, 13
What are the prime factors of 26856?
2, 3, 373
What are the prime factors of 600?
2, 3, 5
What are the prime factors of 7352?
2, 919
List the prime factors of 1836.
2, 3, 17
What are the prime factors of 1106?
2, 7, 79
List the prime factors of 154370.
2, 5, 43, 359
What are the prime factors of 4382?
2, 7, 313
What are the prime factors of 1170?
2, 3, 5, 13
What are the prime factors of 22391?
22391
What are the prime factors of 1757?
7, 251
List the prime factors of 4879.
7, 17, 41
List the prime factors of 3989.
3989
List the prime factors of 42313.
17, 19, 131
What are the prime factors of 497?
7, 71
What are the prime factors of 3936?
2, 3, 41
What are the prime factors of 70463?
31, 2273
What are the prime factors of 4718?
2, 7, 337
List the prime factors of 6191.
41, 151
List the prime factors of 1148.
2, 7, 41
List the prime factors of 13754.
2, 13, 23
List the prime factors of 12780.
2, 3, 5, 71
List the prime factors of 297.
3, 11
List the prime factors of 135591.
3, 45197
List the prime factors of 2941.
17, 173
What are the prime factors of 2521?
2521
List the prime factors of 37701.
3, 59, 71
List the prime factors of 56219.
17, 3307
What are the prime factors of 470?
2, 5, 47
What are the prime factors of 609?
3, 7, 29
What are the prime factors of 13108?
2, 29, 113
List the prime factors of 12160.
2, 5, 19
What are the prime factors of 6358?
2, 11, 17
List the prime factors of 244.
2, 61
List the prime factors of 541.
541
List the prime factors of 314.
2, 157
List the prime factors of 745.
5, 149
What are the prime factors of 9617?
59, 163
What are the prime factors of 2409?
3, 11, 73
What are the prime factors of 740?
2, 5, 37
List the prime factors of 2119.
13, 163
List the prime factors of 3650.
2, 5, 73
List the prime factors of 87.
3, 29
What are the prime factors of 292?
2, 73
What are the prime factors of 45506?
2, 61, 373
List the prime factors of 1358.
2, 7, 97
What are the prime factors of 46830?
2, 3, 5, 7, 223
What are the prime factors of 1400?
2, 5, 7
What are the prime factors of 2702?
2, 7, 193
List the prime factors of 48912.
2, 3, 1019
List the prime factors of 4210.
2, 5, 421
List the prime factors of 112396.
2, 28099
What are the prime factors of 4330?
2, 5, 433
What are the prime factors of 8581?
8581
What are the prime factors of 219?
3, 73
What are the prime factors of 20052?
2, 3, 557
What are the prime factors of 730?
2, 5, 73
What are the prime factors of 16147?
67, 241
What are the prime factors of 84229?
84229
List the prime factors of 78770.
2, 5, 7877
List the prime factors of 79853.
47, 1699
List the prime factors of 32677.
41, 797
What are the prime factors of 5018?
2, 13, 193
List the prime factors of 83858.
2, 23, 1823
List the prime factors of 11681.
11681
List the prime factors of 189.
3, 7
List the prime factors of 131092.
2, 13, 2521
List the prime factors of 1319.
1319
What are the prime factors of 114850?
2, 5, 2297
What are the prime factors of 11642?
2, 5821
List the prime factors of 30613.
11, 23
What are the prime factors of 7061?
23, 307
What are the prime factors of 6828?
2, 3, 569
List the prime factors of 90477.
3, 1117
List the prime factors of 83.
83
What are the prime factors of 1760?
2, 5, 11
What are the prime factors of 2178?
2, 3, 11
List the prime factors of 30892.
2, 7723
What are the prime factors of 1624?
2, 7, 29
What are the prime factors of 5799?
3, 1933
What are the prime factors of 32479?
32479
What are the prime factors of 12394?
2, 6197
What are the prime factors of 12648?
2, 3, 17, 31
What are the prime factors of 977?
977
What are the prime factors of 3173?
19, 167
What are the prime factors of 634?
2, 317
List the prime factors of 23293.
23293
What are the prime factors of 7979?
79, 101
List the prime factors of 15441.
3, 5147
List the prime factors of 2864.
2, 179
What are the prime factors of 128?
2
List the prime factors of 102.
2, 3, 17
What are the prime factors of 42787?
42787
What are the prime factors of 3235?
5, 647
List the prime factors of 1178.
2, 19, 31
What are the prime factors of 63242?
2, 103, 307
What are the prime factors of 6381?
3, 709
What are the prime factors of 51938?
2, 25969
List the prime factors of 7765.
5, 1553
What are the prime factors of 2350?
2, 5, 47
List the prime factors of 837.
3, 31
What are the prime factors of 2232?
2, 3, 31
List the prime factors of 2854.
2, 1427
List the prime factors of 89210.
2, 5, 11, 811
List the prime factors of 288.
2, 3
List the prime factors of 82.
2, 41
What are the prime factors of 1247?
29, 43
List the prime factors of 70439.
70439
List the prime factors of 7